. Is 5 a factor of q?
False
Let z = -481 + 2155. Is 54 a factor of z?
True
Suppose 2*b = -3*y + 465 - 102, 4*y = 3*b + 484. Does 11 divide y?
True
Let l(a) = -21*a**2 + 2*a - 2. Let t be l(1). Let d be (72/t)/((-6)/21). Suppose d*m = 9*m + 162. Does 14 divide m?
False
Let m(p) = -p**2 - 9*p + 4. Let h be m(-9). Let l be h/(-24) - 62/(-12). Suppose 52 + 33 = l*b. Is 17 a factor of b?
True
Suppose -25*a + 170 = -23*a. Is a a multiple of 2?
False
Suppose 241 = 2*y - 155. Is y a multiple of 11?
True
Suppose 5*u - 402 = 3*u - k, 3*u = -2*k + 604. Is u a multiple of 20?
True
Suppose 8*l - 29 = 4*l + 3*t, 0 = -4*l - 4*t + 36. Suppose l*x - 811 = 53. Is 27 a factor of x?
True
Let y(a) = 3*a**2 - 125*a - 30. Does 7 divide y(52)?
True
Let n be (-2 - 15/(-6))/((-1)/(-10)). Suppose -4*t + n = 3*v - 358, -3*t + 5*v + 265 = 0. Is 15 a factor of t?
True
Let j(t) = t**2 - 4*t - 16. Let w be j(6). Is (-1*15/w)/(3/168) a multiple of 42?
True
Let b = 252 + -124. Does 4 divide b?
True
Let u(x) = 3*x**2 + 3*x + 2. Let p be u(-2). Suppose -1 = -m - 4. Let w = p + m. Is 4 a factor of w?
False
Is 28 a factor of (-48)/10*348/(-54)*15?
False
Suppose 5 = -2*c - 5*p, 3*c - 3*p - 2 - 1 = 0. Let l = 39 + c. Suppose -28*z + l = -27*z. Is 9 a factor of z?
False
Let b = -128 + 63. Let f = -26 - b. Does 39 divide f?
True
Let f(c) = c**3 - 11*c**2 + 8*c - 10. Let y be f(10). Let w = -21 - y. Suppose -5*s = -4*z + 85, -z - 3*s + w = -8. Is 15 a factor of z?
False
Suppose 34*w = 86*w - 13728. Is 5 a factor of w?
False
Let z(d) = 61*d + 7. Let b(j) = 30*j + 3. Let q(x) = -5*b(x) + 2*z(x). Let m be 1 - (-1 - 8/(-2)). Is 20 a factor of q(m)?
False
Let a be ((-22)/8)/((-6)/(-24))*1. Let o(r) = -11*r - 37. Does 12 divide o(a)?
True
Let x = 13 - 6. Let z(k) = 11*k**2 - 77*k + 80*k - k**3 - 4*k**2 + 1. Is z(x) a multiple of 22?
True
Let f(c) = -c**2 - 24*c + 39. Let m be f(-25). Suppose -m*p = p - 2700. Is 12 a factor of p?
True
Let k(m) = m**3 - 7*m**2 + 3*m - 10. Let h be k(7). Let q = h + -9. Suppose q*x - x - 27 = 0. Is 9 a factor of x?
True
Let d = 12407 + -7409. Does 51 divide d?
True
Suppose -146*w + 11440 = -136*w. Is w a multiple of 26?
True
Suppose 4*j - 13 = -g, 0 = 2*j + g + g - 8. Let u = j + -1. Suppose -2*n = u*r - 22, -16 = -4*r + 4*n - 4. Is r a multiple of 5?
False
Suppose 0*x - 2*x + 677 = 5*p, -2*p + 1640 = 5*x. Is 56 a factor of x?
False
Let j(y) = 3*y**3 + 4*y**2 - 7*y + 8. Is j(3) a multiple of 2?
True
Let z be (-32)/(-7) + (-6)/(-14). Suppose 3*i + 2*t + 22 = 0, -4*i - 3*t + z*t = 20. Let p(f) = -3*f - 3. Is p(i) a multiple of 5?
True
Let u be ((-15)/6)/((-2)/28). Let q be 20*(2 + 0/(-1)). Suppose -u - q = -5*r. Does 12 divide r?
False
Let y = 6 - 46. Suppose m + 3*a + 44 = -m, -4*m - 88 = -4*a. Let d = m - y. Is 9 a factor of d?
True
Suppose -2*i - 3*i + 20 = 5*c, -4*i + 5*c = 20. Suppose -16*u + 11*u + 20 = i. Let a(b) = b**2 + 3*b. Is a(u) a multiple of 6?
False
Suppose -37655 - 91045 = -30*s. Is s a multiple of 110?
True
Let n be 2752/24*(-3)/(-2). Let p = 121 - n. Let x = 121 + p. Is 13 a factor of x?
False
Suppose 4*z + 210 = 9*z. Suppose 5*w - z = 3*w. Is w a multiple of 21?
True
Let h be 606/(-15) + 4/10 + 2. Let k = h - -136. Is 11 a factor of k?
False
Suppose -2*y + 16 = a + a, -3*a + 3*y = -18. Suppose 0 = 12*b - a*b. Suppose -u + 2*u - 30 = b. Is 10 a factor of u?
True
Let k(x) = 18*x**2 - x. Suppose -13*n + 17*n = 28. Let y = n - 9. Is 13 a factor of k(y)?
False
Let h = -20 - -22. Suppose h*r - 40 = -18. Does 10 divide r?
False
Let p be (5 + (-12)/4)*(-54)/(-4). Let b = p - -4. Is b a multiple of 3?
False
Let c(x) = 2*x**3 - 6*x - 5. Let t = 4 + -9. Let m be c(t). Let n = m - -323. Does 26 divide n?
False
Let r(s) be the third derivative of -s**5/60 - s**4/6 + s**3/2 - 6*s**2. Let y be r(1). Is ((-19)/38)/(y/244) a multiple of 25?
False
Let x(b) = 14*b**3 - b. Suppose 2*q - 2 = 2. Let k be (1 - 2)/(q/(-2)). Does 5 divide x(k)?
False
Let a(j) = 9*j - 6. Suppose -3*u - 5*s = -40, 9 = 2*u + 3*s - 16. Is 13 a factor of a(u)?
True
Suppose 0 = -2*a + 6*a. Suppose -3*m + 1 = -r - a*m, -4*m = -2*r - 2. Let d(w) = 43*w**2 + w. Is d(r) a multiple of 21?
True
Let s = 25 - -525. Suppose -9*h + 458 = -s. Does 14 divide h?
True
Let u = 32 + 55. Suppose -69 = -4*f + u. Does 17 divide f?
False
Suppose 73*m + 23*m = 248064. Is 17 a factor of m?
True
Is 11 a factor of 9 + -13 + (-2574)/(-3)?
False
Let t be (-4)/(-14) + 130/35. Suppose 309 = y - j, 0 = t*y + 6*j - j - 1209. Suppose -4*d - 94 = -y. Does 10 divide d?
False
Let c(m) = -m**3 - 2*m**2 + 2*m + 11. Let p be c(3). Does 32 divide (-1 - 1*-49)/((-21)/p)?
True
Is -408*(6/(-4) - (-20)/20) a multiple of 2?
True
Let r(c) be the first derivative of -c**2/2 + 8*c - 2. Let i be r(6). Suppose k = 2*z + 38, -i*z = -3*k - z + 109. Is 18 a factor of k?
True
Let j(x) = 90*x + 20. Let f be j(6). Suppose 18 + 6 = 3*i. Suppose -f = r - i*r. Does 27 divide r?
False
Suppose 4*s - 20 + 8 = 0. Suppose s*u - 17 - 199 = 0. Is 24 a factor of u?
True
Suppose f - h + 4*h = 25, 4*h = 5*f - 87. Let b = 83 - f. Does 16 divide b?
True
Suppose -2*j = j - 21. Suppose -3*h - 3*g + 135 = 0, -j + 132 = 2*h - 5*g. Suppose -6*o + 64 = -h. Does 19 divide o?
True
Does 11 divide (-1 + -175)*(-1*7)/1?
True
Let j be -16 + 6 + (1 - -1)*1. Is 15*((-2)/(-24) + j/(-32)) a multiple of 2?
False
Let w(a) = 2*a**2 - 64*a + 50. Does 5 divide w(33)?
False
Let g be 2/4*(5 - 5). Suppose 2*x - 5*f - 160 = g, -4*f = 3*x - 0*x - 240. Is 20 a factor of x?
True
Is (3 - -5)/(36/486) a multiple of 27?
True
Suppose 0 + 20 = 4*v. Suppose 3*f - 294 = v*f. Does 15 divide (-14)/35 + f/(-5)?
False
Suppose -3*t - 5*g - 831 + 2822 = 0, 3*t = -3*g + 1983. Is 40 a factor of t?
False
Let p(x) = 14*x**2 + 4*x - 37. Does 17 divide p(5)?
False
Suppose 3*q + 8 = -q. Let r be q + (-10 + 1)*1. Let v(s) = -2*s + 4. Is 7 a factor of v(r)?
False
Suppose 5*s - 241 - 1134 = 0. Is 25 a factor of s?
True
Let c(b) = b**3 - 2*b**2 - 4*b + 3. Suppose j + 2*w = -0*w + 9, 2*w + 93 = 5*j. Let k = 21 - j. Is c(k) a multiple of 7?
False
Let g(m) = -2*m**3 - 12*m**2 - 5*m - 18. Is g(-9) a multiple of 28?
False
Let t(u) = u**2 - u + 5. Let o be t(0). Let j be (-768)/(-40)*1*o. Suppose 2*p + 0*p = 2*x + j, 0 = p + 3*x - 60. Does 17 divide p?
True
Let a be (2 - 3)*2*24. Does 3 divide (30/8)/((-18)/a)?
False
Suppose -145064 = -65*f + 153676. Is f a multiple of 31?
False
Let v(w) = -w**3 - 17*w**2 + 13*w + 16. Let o be v(-18). Let z = -53 + o. Does 32 divide z?
False
Let d(y) be the second derivative of 1/6*y**3 + 1/12*y**4 + 3*y + 0 - 1/2*y**2. Is 16 a factor of d(6)?
False
Suppose 7*f - 5*f = 890. Does 65 divide f?
False
Let k(j) = -j**2 - 7*j - 1. Let t be k(-6). Let i = 16 - t. Let u = -2 + i. Is u a multiple of 9?
True
Suppose 0 = 7*r + 907 - 4309. Is 9 a factor of r?
True
Let q = -112 + 54. Suppose -5*z - 10 = 20. Let n = z - q. Is 23 a factor of n?
False
Let n(w) = 5*w - 4. Let p be n(4). Let m = p + 39. Is 11 a factor of m?
True
Suppose -5*z - 2463 = -b, 3*b - 7369 = -25*z + 30*z. Is 11 a factor of b?
True
Let z = -478 + 1030. Does 46 divide z?
True
Let k = -140 + 311. Does 9 divide k?
True
Let r(k) = -5*k + 44. Let s(a) = -9*a + 87. Let y(b) = -11*r(b) + 6*s(b). Is y(-16) a multiple of 4?
False
Let u(x) = -x - 6. Let i be u(-10). Suppose -3*a - 5 = -i*a. Suppose 0 = 4*j - 2*l - 130, -a*j - 3*l + 155 - 20 = 0. Does 11 divide j?
False
Suppose 35*i - 15384 = -2154. Does 3 divide i?
True
Is 6 a factor of ((-822)/12 + -2)/(15/(-40))?
False
Let x(u) be the first derivative of u**5/120 + 17*u**4/12 + 7*u**3/3 - 2. Let y(o) be the third derivative of x(o). Is y(-14) a multiple of 8?
False
Is 29 a factor of (-4070)/(-35) + 16/(-7) + 2?
True
Suppose 0 = 5*c - 1 - 9. Suppose 0 = c*r - 8 - 8. Let n(i) = i**2 - 3*i - 11. Is 7 a factor of n(r)?
False
Is 40 a factor of 4 + (13/(-26))/(1/(-4452))?
False
Suppose -11*p + 624 = 5*c - 13*p, 2*c - 2*p = 246. Does 45 divide c?
False
Let z(g) = g**2 - 6*g + 1. Let d(v) = v**2 - 5*v + 1. Let l(p) = -5*d(p) + 4*z(p). Let w(b) = 13*b**2 - b. Let r(m) = l(m) + w(m). Is 7 a factor of r(-1)?
False
Suppose -116 = -3*v + t, t - 79 = v - 3*v. Suppose v*p = 33*p + 396. Is p a multiple of 22?
True
Suppose -418 = -3*u + 2*s + 271, -3*s + 6 = 0. Is u a multiple of 15?
False
Let 